at is (-2 + 3 - (8 + -7)) + 16 + -4?
12
Calculate -2 - (5 + -15 + 19 + -11).
0
Calculate 31 - (-14 - -41 - 12 - 16).
32
What is -11 + 29 + -9 + 1?
10
What is the value of -8 - -7 - (-5 + 9 - 1) - -8?
4
What is 17 + (-17 - (-17 + 8))?
9
What is -4 - 11 - -9 - -5?
-1
Evaluate 17 - 3 - (5 - (2 - 1)).
10
Calculate 0 + -12 - (8 + (10 - (15 - -6))).
-9
What is the value of 5 - (-1 + 7 + -1 + (4 - 11))?
7
Evaluate -29 - (19 + -13) - (-1 - 12).
-22
Evaluate -437 - -427 - (-16 - 1).
7
What is the value of 0 - 3 - (-2 - (11 - 4 - 2))?
4
What is the value of -12 - (-11 + 12) - (-6 - -3)?
-10
-1 - (-24 - -19 - (-5 - 0) - -15)
-16
2 - (-10 - -14 - 3) - -11
12
19 + -57 + 16 - -29
7
Evaluate 18 + (-10 - (14 + -17)) - 41.
-30
5 - ((10 - -2) + (-6 + -3 - -3))
-1
Evaluate 5 + 15 + -11 + -7.
2
What is the value of (96 - 98) + (0 - (-4 + 6)) + -1?
-5
What is the value of -904 + 893 - (-28 - 1)?
18
9 - (-9 + 7) - (5 + 18 - 0)
-12
Calculate (15 + (1 - -4) - 11) + 2.
11
What is the value of (18 - 19) + 5 + 10?
14
Evaluate 7 + (-4 - (-13 + 8) - 2) - -11.
17
Calculate 1 - -1 - (83 - 80).
-1
-10 + 0 - -2 - (19 + -19 + 1)
-9
(-4 - (-4 + 2)) + (-26 - -28) + -1
-1
What is 1 + 19 - (10 - 5)?
15
Evaluate -26 + (-2 - 7) + -3 + 3.
-35
Evaluate 22 + 1 - ((27 - -5) + -33).
24
-6 - -14 - ((3 - -4) + (-23 - -15))
9
Calculate -34 - -58 - (20 - 0 - 4).
8
Calculate -124 + 110 - (-11 + 3).
-6
Calculate 16 + 16 + (-8 - 5 - -13).
32
Evaluate (11 + -2 - -1) + -19 + 4.
-5
What is -16 - ((13 - 23) + 2) - (-1 - 5)?
-2
Evaluate (2 - (-8 - (-22 - -9))) + (-5 - -12).
4
What is the value of -8 - (-3 + (12 - (-6 + 4 - -7)))?
-12
(-25 - 13 - 19) + 20
-37
What is the value of -27 - 1 - (-5 + -7 - -8 - 3)?
-21
Calculate 22 - ((15 - 14) + 9).
12
What is 9 - (-3 - -7) - (-2 - -21) - 7?
-21
Evaluate -9 - (-10 - (19 - 5)).
15
(15 - (15 - 10)) + -20
-10
Calculate (-12 - 23) + (-70 - -82).
-23
What is the value of 13 + -27 + 16 - (1 + 8 - 2)?
-5
What is the value of 5 - (-6 - 11 - (6 + -17))?
11
What is -23 + (0 + -19 - -17)?
-25
Calculate 7 + 2 + 12 + -20.
1
-23 - -43 - 1 - -6
25
What is the value of (1 - 1) + 101 + -98 - 5?
-2
Calculate (1 - 28) + 50 - 7.
16
-199 + 201 - (-2 + 0 + 3 - 34)
35
What is the value of 7 - (1 - -15 - 0 - (-8 - -1))?
-16
-11 - (14 + -6 + -4 + 1)
-16
What is the value of 1 - ((3 - 7) + -4) - (-7 + 7)?
9
(-14 - (17 + -50)) + -1 + -4 + 2
16
-23 - (-16 + 0 + 3 - (24 + -29))
-15
(2 - 14) + 20 - (4 - (4 + 4))
12
Evaluate 1 + 3 + (-3 - 0) + -32 + 25.
-6
What is 26 + (-9 - 25) - (1 - 3)?
-6
Calculate 38 + 5 + -58 + 27.
12
-14 - (2 - (17 + -10))
-9
What is -5 + (6 - 3 - (-4 + 10)) + 2?
-6
-27 - (-18 - -7 - (-29 - -24))
-21
-9 - (-14 - (-12 - -1))
-6
What is 22 + 29 + -32 - 38?
-19
Evaluate -13 + (-4 - (-6 + 0) - 5 - -9).
-7
Evaluate -9 + 5 + (-4 - 2) + 5 - 1.
-6
1 - (-2 + (0 - -5)) - (1108 + -1095)
-15
(1 + 5 - (33 - 18)) + 7
-2
What is (-3 - -1 - -4 - -4) + 11 + -6?
11
What is the value of -30 - -7 - (-11 - (-6 - 6))?
-24
Evaluate 10 + (-2 - -5) + (-4 - 13).
-4
Evaluate 4 + (1 - 14) + 12.
3
3 - 6 - (3 - 11)
5
What is the value of (3 - -4 - 7) + 12 + -4 + 1?
9
What is -29 + (-7 + 9 - 10 - (-11 + -7))?
-19
What is the value of -4 - (-9 + -22 + -4)?
31
What is -24 - (-22 + -1 + -24)?
23
What is the value of -2 + -2 + 15 + -15?
-4
What is 33 + (-41 - -17 - -11)?
20
What is the value of 22 + (6 + 9 + -13 - (5 + 3))?
16
Evaluate 9 - (13 + -28 + 27 + 24).
-27
What is 78 + -93 + 8 + -1?
-8
Calculate (-2 - -1 - -21) + (-43 - 15 - -50).
12
Evaluate -7 + 2 + 4 + (-2 - (14 + -11)).
-6
Evaluate 2 + -1 - 14 - (-941 + 931).
-3
Calculate -2 - (16 + -22) - (-3 - (0 - 3)).
4
What is -3 + -2 - (2 - (1 - -3) - 11)?
8
-1 + -13 + 16 + 12 + -13
1
What is the value of (12 - 0) + (-15 - 1)?
-4
What is -15 + (-51 - -52 - (-2 - -9))?
-21
-29 + 0 - -22 - 3
-10
(-27 - 1) + (-45 - -3) + 47
-23
Evaluate (-13 - -24) + -28 - (-6 + -4 - -4).
-11
Evaluate 2 + ((-1 + 0 - -21) + -8 - -2).
16
Evaluate 3 - ((16 - (7 - -13)) + -1 + 2).
6
What is the value of 12 + -9 + -2 - (10 + 1)?
-10
22 + -19 - (32 + -2)
-27
Evaluate -2 + 4 - (325 + -337).
14
What is the value of 15 + 1 + 1 + 51 + -57 - -1?
12
What is the value of -4 + 5 + -1 - (16 + (-7 - 5))?
-4
What is the value of (378 - 366) + (-36 - 3) + 3?
-24
Calculate (-62 - -33) + 64 - ((-1 - -2) + 8).
26
What is the value of 2 - (6 - -2) - ((9 - 29) + 16)?
-2
What is (-16 - (-13 + 12)) + -15?
-30
Evaluate 11 - 1 - (20 + -7).
-3
What is 18 - (2 - -1) - ((-2 - 2) + 1)?
18
What is 0 + 1 + 1 + -9?
-7
Calculate (1 - (-3 + 5 + -2 - -4)) + 6.
3
What is the value of 14 - (5 + 8 - 11 - (7 - 4))?
15
What is the value of (-5 - -20 - 18) + -13?
-16
What is (9 - -8) + 1 + -15?
3
(-28 - (11 + -1)) + 8 + -1
-31
What is (-14 + 8 + 8 - -2 - 12) + 4?
-4
Calculate 3 + 7 + 1 + -9.
2
Evaluate -1 - -2 - (-50 - (-38 - 9)).
4
Evaluate -11 + (29 - (-11 - (-7 + 16 + -16))).
22
What is the value of -15 + (57 - (0 + 15) - 4)?
23
What is the value of 0 - (-5 + 24 + -7 - 7)?
-5
What is the value of (1 - -5) + -9 + (2 - (-2 + 6))?
-5
Calculate -15 - (13 - 30) - (-1 + 14).
-11
Calculate (9 - -6) + 5 - 9.
11
What is the value of (-32 + 12 - -19) + 8 + 0?
7
Evaluate 9 - (2 - 2) - (-75 + 80) - -7.
11
What is 18 - ((18 - -1) + -3 + -9)?
11
Calculate -8 - (0 - (9 + -6) - -4) - -26.
17
Evaluate 5 + 13 + -17 + 7.
8
Calculate 0 + -11 + -6 + 10.
-7
-33 - -27 - (-1 + -3)
-2
Calculate -22 + (31 - 46) + 46.
9
Evaluate (12 - 16) + 5 + 15 + -4.
12
What is -381 + 348 - (-1 - 59)?
27
What is (-9 - -10) + -5 + 2 + (24 - 18)?
4
(-12 - -26) + -1 + -12
1
Calculate 28 + (-25 - 30 - -5).
-22
(-5 + -2 - -1) + -4 + 30 + 5
25
What is (-13 - -9) + (2 + 2 - -3 - 0)?
3
Evaluate -20 + -54 + 54 + (-7 - -2).
-25
What is -28 - (-11 + -1 + (-3 - 5) + 19)?
-27
Evaluate -14 + (-18 - -4) - -15 - -39.
26
(4 - (-9 + 14)) + 1 + 0
0
Calculate -7 + -3 - (8 + -10 + 9).
-17
Evaluate (38 - 25 - 14) + 8 + 1.
8
What is the value of 71 - 101 - (2 - -4) - (-1 - 10)?
-25
What is the value of (-89 + 45 - -75) + -47?
-16
What is the value of (-2 - (23 - (-15 + 35))) + (1 - -25)?
21
What is 1 - ((-1 - -4) + -7) - 2 - 4?
-1
37 - 1 - (-384 - -396)
24
Evaluate 7 - (-2 - (-4 + 1) - -5).
1
(-10 - -26) + 11 + -9
18
16 + -8 + 5 + -20
-7
What is the value of -130 - -111 - (4 + -3 - 7)?
-13
What is the value of (11 - -2) + -37 + -36 + 62?
2
What is -20 - 7 - ((-48 - -35) + (0 - -12))?
-26
What is the value of (-16 - -47) + -15 - 10?
6
Calculate -7 - (-4 - (-11 - (-33 - -18))).
1
What is the value of (-10 - (1 - 4)) + 12 + -9?
-4
Calculate -13 - ((-3 - -2) + 18 + -17 + 6).
-19
Calculate -40 + -5 + 16 + (-6 - 3).
-38
What is the value of 7 + -33 + 17 - -15?
6
What is the value of -2 + (-6 - -1) - -8 - (-1 - -7)?
-5
(-13 - 1) + (122 - 92) + -10
6
(8 - 2) + 35 - 29
12
What is the value of -2 - (-41 + 26) - (4 - -8)?
1
What is the value of (13 - 26) + 11 - 0?
-2
What is the value of (0 - -4) + (-1 - 0) + (461 - 445)?
19
Calculate -251 - -241 - (0 + -7).
-3
(-18 - -10 - -5) + -1 + -4 + 5
-3
-8 - (0 + -1 + 2) - (-643 + 650)
-16
41 - 49 - (-10 + 0)
2
Calculate -1 - (17 - (8 - -8)).
-2
Calculate 22 + -3 - ((7 - 4) + 6).
10
Calculate -6 - (20 - (-26 - -26)).
-26
Calculate (-8 - 1) + (-622 - -609).
-22
Evaluate (6 - 11) + 14 + (20 - 34).
-5
What is the value of -8 + 38 + -44 + (1 - -1)?
-12
Evaluate (-100 - -95) + -1 + 0.
-6
2 + 5 - (76 + -64)
-5
Evaluate 0 + 7 - (-6 + 40).
-27
Evaluate 2 - (-5 + -12 - -12) - -9.
16
What is the value of 108 + -99 - (21 - (3 + -2))?
-11
3 + (-4 - 3) + 10
6
What is the value of -7 + 12 + 11 + 4 - 5?
15
Evaluate (-5 - -15) + -8 - (29 - 10).
-17
Evaluate (0 - 1) + (-21 - -26).
4
Evaluate 9 + 10 + (-3 - (3 - (-6 + -6))).
1
What is the value of 12 + (-5 + (-9 - -6) - 1) + 7?
10
Evaluate 24 + -6 - (4 + 8).
6
What is -9 + (-7 - (5 + -33)) + -16?
-4
What is (-4 - (-4 + -13)) + -27?
-14
What is the value of -9 - (-11 - (3 - (9 - 3)) - -34)?
-35
Evaluate (1 - (19 - 26)) + 4.
12
Evaluate 25 - -1 - 17 - (1 - 3 - -2).
9
9 + (-32 - 19) - (-13 + 0)
-29
What is (-24 - (-60 + 18)) + (-3 - (-1 - 1))?
17
Calculate 3 - ((-117 - -37) + 49).
34
What is the value of -2 - ((19 - 10) + (2 - 8 - -1))?
-6
Evaluate -3 + 3 + -30 + 50 - 9.
11
What is the value of (-2 - -1) + (-2 - 8) + -4 - -3?
-12
What is the value of 8 - -7 - 18 - (6 - (-3 + 2))?
-10
Calculate -16 + (